{"id":146,"date":"2020-05-06T15:02:29","date_gmt":"2020-05-06T15:02:29","guid":{"rendered":"https:\/\/calamaria.cat\/?page_id=146"},"modified":"2020-05-08T10:04:55","modified_gmt":"2020-05-08T10:04:55","slug":"merceria","status":"publish","type":"page","link":"https:\/\/calamaria.cat\/merceria","title":{"rendered":"Merceria"},"content":{"rendered":"\t\t<div data-elementor-type=\"wp-page\" data-elementor-id=\"146\" class=\"elementor elementor-146\">\n\t\t\t\t\t\t<section class=\"elementor-section elementor-top-section elementor-element elementor-element-dea0668 elementor-section-boxed elementor-section-height-default elementor-section-height-default\" data-id=\"dea0668\" data-element_type=\"section\">\n\t\t\t\t\t\t<div class=\"elementor-container elementor-column-gap-default\">\n\t\t\t\t\t<div class=\"elementor-column elementor-col-100 elementor-top-column elementor-element elementor-element-22d00c9\" data-id=\"22d00c9\" data-element_type=\"column\">\n\t\t\t<div class=\"elementor-widget-wrap elementor-element-populated\">\n\t\t\t\t\t\t<div class=\"elementor-element elementor-element-c1a89d4 elementor-widget elementor-widget-heading\" data-id=\"c1a89d4\" data-element_type=\"widget\" data-widget_type=\"heading.default\">\n\t\t\t\t<div class=\"elementor-widget-container\">\n\t\t\t\t\t<h2 class=\"elementor-heading-title elementor-size-default\">Merceria - Tots els productes que imaginis i m\u00e9s<\/h2>\t\t\t\t<\/div>\n\t\t\t\t<\/div>\n\t\t\t\t\t<\/div>\n\t\t<\/div>\n\t\t\t\t\t<\/div>\n\t\t<\/section>\n\t\t\t\t<section class=\"elementor-section elementor-top-section elementor-element elementor-element-498cf4c elementor-section-boxed elementor-section-height-default elementor-section-height-default\" data-id=\"498cf4c\" data-element_type=\"section\">\n\t\t\t\t\t\t<div class=\"elementor-container elementor-column-gap-default\">\n\t\t\t\t\t<div class=\"elementor-column elementor-col-100 elementor-top-column elementor-element elementor-element-d8f0c63\" data-id=\"d8f0c63\" data-element_type=\"column\">\n\t\t\t<div class=\"elementor-widget-wrap elementor-element-populated\">\n\t\t\t\t\t\t<section class=\"elementor-section elementor-inner-section elementor-element elementor-element-e19988c elementor-section-boxed elementor-section-height-default elementor-section-height-default\" data-id=\"e19988c\" data-element_type=\"section\">\n\t\t\t\t\t\t<div class=\"elementor-container elementor-column-gap-default\">\n\t\t\t\t\t<div class=\"elementor-column elementor-col-50 elementor-inner-column elementor-element elementor-element-9f3b6c9\" data-id=\"9f3b6c9\" data-element_type=\"column\">\n\t\t\t<div class=\"elementor-widget-wrap elementor-element-populated\">\n\t\t\t\t\t\t<div class=\"elementor-element elementor-element-10d4ca2 elementor-widget elementor-widget-text-editor\" data-id=\"10d4ca2\" data-element_type=\"widget\" data-widget_type=\"text-editor.default\">\n\t\t\t\t<div class=\"elementor-widget-container\">\n\t\t\t\t\t\t\t\t\t<h4>Disposem d&#8217;un ampli cat\u00e0leg de productes de merceria. A Ca la Maria trobar\u00e0s tot el que necessitis, desde els productes m\u00e9s actuals als articles de tot la vida.<\/h4><h4>Destaquem la tela de fer farcells per ser el producte m\u00e9s antic que seguim comercialitzant desde 1952 i que no ha deixat mai d&#8217;estar de moda.<\/h4><h2><a href=\"https:\/\/www.mercerlob.com\/store\/ca-la-maria-torrelles-de-llobregat\" target=\"_blank\" rel=\"noopener\">Ara la teva compra online!!<\/a><a href=\"https:\/\/www.mercerlob.com\/store\/ca-la-maria-torrelles-de-llobregat\">\u00a0<\/a><\/h2><h4>Entra a <a href=\"http:\/\/www.mercerlob.com\">www.mercerlob.com<\/a> i selecciona la nostra botiga. T&#8217;ho enviarem a casa!<\/h4><h4><a href=\"https:\/\/www.mercerlob.com\/store\/ca-la-maria-torrelles-de-llobregat\" target=\"_blank\" rel=\"noopener\"><img decoding=\"async\" class=\"size-full wp-image-150 aligncenter\" src=\"https:\/\/calamaria.cat\/wp-content\/uploads\/2020\/05\/mercerlob.jpg\" alt=\"\" width=\"300\" height=\"80\" \/><\/a><\/h4><p>\u00a0<\/p>\t\t\t\t\t\t\t\t<\/div>\n\t\t\t\t<\/div>\n\t\t\t\t\t<\/div>\n\t\t<\/div>\n\t\t\t\t<div class=\"elementor-column elementor-col-50 elementor-inner-column elementor-element elementor-element-1a4a33a\" data-id=\"1a4a33a\" data-element_type=\"column\">\n\t\t\t<div class=\"elementor-widget-wrap elementor-element-populated\">\n\t\t\t\t\t\t<div class=\"elementor-element elementor-element-1cb5552 elementor-widget elementor-widget-image\" data-id=\"1cb5552\" data-element_type=\"widget\" data-widget_type=\"image.default\">\n\t\t\t\t<div class=\"elementor-widget-container\">\n\t\t\t\t\t\t\t\t\t\t\t\t\t\t\t<img fetchpriority=\"high\" decoding=\"async\" width=\"1024\" height=\"1024\" src=\"https:\/\/calamaria.cat\/wp-content\/uploads\/2020\/05\/70514821_181751686201369_108991347865725821_n-1024x1024.jpg\" class=\"attachment-large size-large wp-image-148\" alt=\"\" srcset=\"https:\/\/calamaria.cat\/wp-content\/uploads\/2020\/05\/70514821_181751686201369_108991347865725821_n-1024x1024.jpg 1024w, https:\/\/calamaria.cat\/wp-content\/uploads\/2020\/05\/70514821_181751686201369_108991347865725821_n-300x300.jpg 300w, https:\/\/calamaria.cat\/wp-content\/uploads\/2020\/05\/70514821_181751686201369_108991347865725821_n-150x150.jpg 150w, https:\/\/calamaria.cat\/wp-content\/uploads\/2020\/05\/70514821_181751686201369_108991347865725821_n-768x768.jpg 768w, https:\/\/calamaria.cat\/wp-content\/uploads\/2020\/05\/70514821_181751686201369_108991347865725821_n.jpg 1080w\" sizes=\"(max-width: 1024px) 100vw, 1024px\" \/>\t\t\t\t\t\t\t\t\t\t\t\t\t\t\t<\/div>\n\t\t\t\t<\/div>\n\t\t\t\t\t<\/div>\n\t\t<\/div>\n\t\t\t\t\t<\/div>\n\t\t<\/section>\n\t\t\t\t\t<\/div>\n\t\t<\/div>\n\t\t\t\t\t<\/div>\n\t\t<\/section>\n\t\t\t\t<\/div>\n\t\t","protected":false},"excerpt":{"rendered":"<p>Merceria &#8211; Tots els productes que imaginis i m\u00e9s Disposem d&#8217;un ampli cat\u00e0leg de productes de merceria. A Ca la Maria trobar\u00e0s tot el que necessitis, desde els productes m\u00e9s actuals als articles de tot la vida. Destaquem la tela de fer farcells per ser el producte m\u00e9s antic que seguim comercialitzant desde 1952 i [&hellip;]<\/p>\n","protected":false},"author":1,"featured_media":0,"parent":0,"menu_order":0,"comment_status":"closed","ping_status":"closed","template":"","meta":{"site-sidebar-layout":"no-sidebar","site-content-layout":"page-builder","ast-site-content-layout":"","site-content-style":"default","site-sidebar-style":"default","ast-global-header-display":"","ast-banner-title-visibility":"","ast-main-header-display":"","ast-hfb-above-header-display":"","ast-hfb-below-header-display":"","ast-hfb-mobile-header-display":"","site-post-title":"disabled","ast-breadcrumbs-content":"","ast-featured-img":"disabled","footer-sml-layout":"","theme-transparent-header-meta":"default","adv-header-id-meta":"","stick-header-meta":"","header-above-stick-meta":"","header-main-stick-meta":"","header-below-stick-meta":"","astra-migrate-meta-layouts":"default","ast-page-background-enabled":"default","ast-page-background-meta":{"desktop":{"background-color":"var(--ast-global-color-4)","background-image":"","background-repeat":"repeat","background-position":"center center","background-size":"auto","background-attachment":"scroll","background-type":"","background-media":"","overlay-type":"","overlay-color":"","overlay-opacity":"","overlay-gradient":""},"tablet":{"background-color":"","background-image":"","background-repeat":"repeat","background-position":"center center","background-size":"auto","background-attachment":"scroll","background-type":"","background-media":"","overlay-type":"","overlay-color":"","overlay-opacity":"","overlay-gradient":""},"mobile":{"background-color":"","background-image":"","background-repeat":"repeat","background-position":"center center","background-size":"auto","background-attachment":"scroll","background-type":"","background-media":"","overlay-type":"","overlay-color":"","overlay-opacity":"","overlay-gradient":""}},"ast-content-background-meta":{"desktop":{"background-color":"var(--ast-global-color-5)","background-image":"","background-repeat":"repeat","background-position":"center center","background-size":"auto","background-attachment":"scroll","background-type":"","background-media":"","overlay-type":"","overlay-color":"","overlay-opacity":"","overlay-gradient":""},"tablet":{"background-color":"var(--ast-global-color-5)","background-image":"","background-repeat":"repeat","background-position":"center center","background-size":"auto","background-attachment":"scroll","background-type":"","background-media":"","overlay-type":"","overlay-color":"","overlay-opacity":"","overlay-gradient":""},"mobile":{"background-color":"var(--ast-global-color-5)","background-image":"","background-repeat":"repeat","background-position":"center center","background-size":"auto","background-attachment":"scroll","background-type":"","background-media":"","overlay-type":"","overlay-color":"","overlay-opacity":"","overlay-gradient":""}},"footnotes":""},"class_list":["post-146","page","type-page","status-publish","hentry"],"_links":{"self":[{"href":"https:\/\/calamaria.cat\/index.php?rest_route=\/wp\/v2\/pages\/146","targetHints":{"allow":["GET"]}}],"collection":[{"href":"https:\/\/calamaria.cat\/index.php?rest_route=\/wp\/v2\/pages"}],"about":[{"href":"https:\/\/calamaria.cat\/index.php?rest_route=\/wp\/v2\/types\/page"}],"author":[{"embeddable":true,"href":"https:\/\/calamaria.cat\/index.php?rest_route=\/wp\/v2\/users\/1"}],"replies":[{"embeddable":true,"href":"https:\/\/calamaria.cat\/index.php?rest_route=%2Fwp%2Fv2%2Fcomments&post=146"}],"version-history":[{"count":11,"href":"https:\/\/calamaria.cat\/index.php?rest_route=\/wp\/v2\/pages\/146\/revisions"}],"predecessor-version":[{"id":280,"href":"https:\/\/calamaria.cat\/index.php?rest_route=\/wp\/v2\/pages\/146\/revisions\/280"}],"wp:attachment":[{"href":"https:\/\/calamaria.cat\/index.php?rest_route=%2Fwp%2Fv2%2Fmedia&parent=146"}],"curies":[{"name":"wp","href":"https:\/\/api.w.org\/{rel}","templated":true}]}}